et j be 1/(-3) + 372/36. Suppose -3*r - 1 = -j. What is the units digit of r?
3
Suppose -5030 = -15*r + 910. What is the tens digit of r?
9
Suppose -5*r = -10, 27*r = -3*c + 23*r + 215. What is the tens digit of c?
6
Suppose 14*q + 9238 - 45512 = 0. What is the thousands digit of q?
2
Let i(t) = 23*t**2 - 11*t + 1. Let z be i(-6). Suppose -5*o - z = -10*o. What is the hundreds digit of o?
1
Let g = 0 + 2. Suppose 0*w + 401 = 4*w - 5*i, 4*i - 194 = -g*w. What is the tens digit of w?
9
Suppose 85 = 7*x + 22. Suppose -x*l + 14*l = 200. What is the units digit of l?
0
Let n(q) = 4 + 7 + 1 + 20*q**2 - 9*q + 2*q. What is the tens digit of n(3)?
7
Suppose -48*i + 924 = -34*i. What is the units digit of i?
6
Let w(m) = m - 16. Let b be w(0). Suppose 134 + 22 = 4*x. Let s = x + b. What is the tens digit of s?
2
Let d(y) = 452*y + 68. What is the units digit of d(4)?
6
Let r(s) = s**3 - 42*s**2 + 60*s - 7. What is the units digit of r(41)?
2
Let u(n) be the second derivative of 121*n**5/20 + n**4/12 + n**3/3 - n**2/2 - 41*n. What is the hundreds digit of u(1)?
1
Suppose -200 = -b + 5*m - 47, -449 = -3*b + 5*m. Suppose 28*k - b = 26*k. What is the tens digit of k?
7
Suppose i - 477 = -2*h, 2*h + 1431 = 3*i + 6*h. Suppose -4*q - 5*m = -i, -3*q - 480 = -7*q - 4*m. What is the tens digit of q?
2
Suppose 3*c = 5*g + 283, 2*c + 3*g + 144 = 339. Let k be 4/(-6) - (-14)/3. Suppose k*f - f = c. What is the units digit of f?
2
Let j(k) = 17*k**2 - 32*k + 223. What is the hundreds digit of j(9)?
3
Suppose -4*z - 14459 = -6*g + 3*g, z - 1 = 0. What is the units digit of g?
1
Let m = -14 + 20. Suppose -i = -5*p + 57, -2*p + 16 + 2 = -2*i. Suppose 4*b = 2*u + 70, b - u = -m*u + p. What is the units digit of b?
7
Suppose -3*v - 5*m - 6 = -26, 4 = 2*v + m. Let i(x) = 4 + v*x**2 + 0*x**3 - x**3 + 4*x + 4*x**2 + 3*x**2. What is the tens digit of i(4)?
6
Suppose r - 9 = 17. What is the units digit of r?
6
Let p = 11 - 0. Let n(r) = 13*r**2 - r - 4 - p*r**2 + 15. What is the tens digit of n(-5)?
6
Suppose -4*w + 5306 = 5*t, -3170 = -3*t - 0*w + w. What is the tens digit of t?
5
Let z(n) = -6*n + 1. Let h be z(-13). Let g = h - 28. What is the units digit of g?
1
Suppose 17*x = 10*x + 2562. Let w = x - 117. What is the hundreds digit of w?
2
Let f(s) = 3*s**2 + s + 20. Let r be f(0). What is the hundreds digit of 2/8 + 4575/r?
2
Let g(k) = -k - 8. Let p be g(-13). Suppose 0 = 2*j - p*s + 3, -21 = -j - 9*s + 4*s. Suppose -3*i + 48 = 3*h, -2*i = -16 + j. What is the units digit of h?
1
Let f(j) = 3*j**3 + 2*j**2 + j + 2. Let v be f(-2). Let b be (-14)/(-18) - v/72. Let i(n) = 7*n**2 + 2*n - 1. What is the units digit of i(b)?
8
Suppose -s - 3*m - 13 = -8*m, -m = 4*s - 11. Suppose 7*n - 6*n - 248 = -s*h, 4*n + 258 = 2*h. What is the hundreds digit of h?
1
Suppose -3*s + 2*s + 10 = 0. Suppose 3*f = y + 4*y + s, -f + y = -6. Let g = 23 + f. What is the units digit of g?
3
Let o(w) = 2*w**3 - 3*w**2 + 4*w - 3. Suppose 0 = 3*f - 2*f - 5. Suppose g - 6 = -2*z, f*z + 5 = g + 13. What is the units digit of o(g)?
9
Let w(q) = 126*q + 134. What is the thousands digit of w(7)?
1
Let r be (15 - -2)*(-7 + 6). Let f = r - 2. Let k = -6 - f. What is the tens digit of k?
1
Suppose 15*y - 2063 = 727. What is the units digit of y?
6
Suppose -12*y + 10*y + 18 = 0. Suppose -m - 3*p - y = 0, 75 = -5*m - 3*p - 30. Let w = -2 - m. What is the tens digit of w?
2
Let i = -672 - -1051. What is the hundreds digit of i?
3
Suppose 0 = 2*n - 3*d - 17, n - 14*d + 16*d = -9. What is the units digit of n?
1
Let a(u) = 13*u**2 - 2*u - 19. What is the tens digit of a(-6)?
6
Suppose s = -5*j + 998, 4*s + 0*j = j + 3929. What is the units digit of s?
3
What is the hundreds digit of (-2 + 1 - 6) + 941?
9
Suppose y = 2862 + 1845. What is the thousands digit of y?
4
Suppose 4*n - 16 = 3*d - 5, 4*d + 3*n = 27. Suppose l - 3*t - 66 = 3*l, 4*l + 112 = -t. Let b = d - l. What is the tens digit of b?
3
Suppose 2*i - 6663 = 1783. What is the thousands digit of i?
4
Let a = 200 - 58. Let c = a - 75. What is the units digit of c?
7
Suppose 3233 = 2*p + 2*s - 1373, 0 = -2*p - 3*s + 4604. What is the units digit of p?
5
Suppose 7*o - 30 = o. Suppose -t - 88 = -o*t. What is the units digit of t?
2
What is the units digit of 1194 + -2 - 81/9?
3
What is the tens digit of 10/(-2) + 199 + (-9 - -3)?
8
Suppose -6*i - 2*i + 1904 = 0. Suppose 9*u - i = 7*u. What is the hundreds digit of u?
1
Let z be 30/6 - 4/(-2). Suppose -z*f + 63 = -203. What is the tens digit of f?
3
Let m = 16 - 15. What is the tens digit of (-260)/30*m*-3?
2
Suppose -4*v = 26 + 46. Let i be (-6)/v - (-17)/3. What is the units digit of (-43)/2*(-12)/i?
3
Let k = 109 + -78. What is the units digit of k?
1
Suppose 5*v = -0*v + 3705. Suppose -2*f + 348 = -2*h, -5*f + v = -f + 5*h. Suppose 3*a - f = -y, 5*a - y - 450 = -149. What is the units digit of a?
0
Suppose -5*z = -12*z - 196. Let g = 119 + z. What is the tens digit of g?
9
Let u be (-8)/(-10) + (-2)/(-10). Let a be ((-24)/(-6))/(u/8). Suppose -4*s + a = 3*f, -f + 5 = 2*s - 9. What is the units digit of f?
4
Suppose -15 = -3*m + 2*u + 39, m - 10 = -2*u. Let q be 3 + 1 + -4 + m. Let n = 5 + q. What is the units digit of n?
1
Suppose 0 = -2*q + 5*x - 16, 4*q - 4*x + 12 = 2*q. Let t be 27/(-6) - 1/q. What is the units digit of (-321)/(-15) - 3/t?
2
What is the hundreds digit of ((-154)/(-2) - -5)*32?
6
Suppose 0 = 5*n + 3*l - 31, -3*n + 4*n - 13 = -4*l. Suppose 5 = -n*h, 3*h + 98 = -5*o + 540. What is the tens digit of o?
8
Let o(s) = -s**3 + 3*s**2 + 16. Let x be o(5). What is the units digit of (x/10)/((-3)/45)?
1
Suppose -3*n = -3, 4*n = -2*z - n + 15. Suppose d - 219 = -3*j, -z*j = -j + 16. What is the units digit of d?
1
Let o = 2730 - 1653. What is the thousands digit of o?
1
What is the tens digit of (-4954)/(-6) + (-8)/12 + 2?
2
Suppose 5*c + o = 4650, 0 = c - 6*o + 5*o - 936. What is the units digit of c?
1
Let t(q) = -q**3 + 8*q**2 - 4*q - 10. Let a be t(8). What is the tens digit of a/98 - 472/(-7)?
6
Suppose 3 + 17 = 5*m. Suppose -m - 5 = -3*y. Suppose 0 = -2*q - 0*q + 3*x + 33, y*q - 7 = -4*x. What is the units digit of q?
9
Suppose 5*s = 3*s + 22. Let a be (s + -5)*(-4)/(-3). Let i = 0 + a. What is the units digit of i?
8
Let x be 5274/34 - 4/34. Suppose -3*w = -148 - x. What is the hundreds digit of w?
1
Let a(w) = 2*w**3 - 3*w**2 - 1. Let f be a(2). Let d = 10 + f. What is the tens digit of d?
1
Let m be (-768)/54*-3*(-6)/(-2). Let q = 146 + m. What is the tens digit of q?
7
Let h(j) = -j**2 - 4*j**2 + 14*j**2 - 1 - 6*j**2. What is the tens digit of h(4)?
4
Suppose 20*z - 6*z - 3822 = 0. What is the tens digit of z?
7
Let n = -13 - -28. Let b = n + 19. What is the units digit of b?
4
Let v be (-4 + -31 + 1)*(-2)/1. Suppose -v = -5*r + r. What is the tens digit of r?
1
Let x(l) = -l**3 - 4*l**2 + l - 16. Let o be x(-5). Let t be (-1)/(3/o)*-3. Suppose 5*j - t*c + 2*c = 160, -3*j + 107 = c. What is the tens digit of j?
3
Suppose 4*d - 211 = -47. Let g = -28 + d. Let i = -3 + g. What is the tens digit of i?
1
Suppose 6*r + 5*d - 175 = 5*r, -5*r + 938 = 4*d. Suppose g = -c + r, 3*c - 4*g - 602 = g. What is the tens digit of c?
9
Let i = 402 + -264. Suppose 0*h = -h + i. What is the hundreds digit of h?
1
Let v(n) = 2*n**2 - 53*n + 1305. What is the units digit of v(28)?
9
Let u = 82 - -1560. What is the units digit of u?
2
Let v = 1779 - 664. What is the units digit of v?
5
Let j(t) = -t**3 + 3*t**2 + 3*t + 4. Let z be j(3). Let g be -4 - -1 - (-9 - 0) - 4. Suppose -z = -g*l + l. What is the units digit of l?
3
Suppose 4*k - 5*z - 489 = 178, 2*k = 3*z + 333. Let j = 353 - k. What is the hundreds digit of j?
1
Suppose i + 115 = 3*p, -2*p + 490 = 14*i - 18*i. Suppose -2*s - 421 = 5*m - 56, 335 = -2*s + 5*m. Let n = i - s. What is the units digit of n?
1
Let t = 2 - -17. Suppose -7*a = -2*a - 4*f + t, 2*a - 3*f + 9 = 0. What is the units digit of a*(-1)/((-2)/(-2))?
3
Let c = -127 - 132. What is the tens digit of c/(-10) - (-13)/130?
2
Suppose 2220 = -199*w + 201*w. What is the tens digit of w?
1
Let a = 1051 + -489. What is the hundreds digit of a?
5
Suppose 2*a - 27*a = -700. Suppose 4*d - 2*d - 4 = 0. Suppose d*q = -2*q + a. What is the units digit of q?
7
Suppose 0 = -4*x + 8. Suppose 21 = x*z